{"id":2595,"date":"2022-08-29T06:54:21","date_gmt":"2022-08-29T06:54:21","guid":{"rendered":"https:\/\/demo2wpopal.b-cdn.net\/grenda2\/?page_id=2595"},"modified":"2025-07-22T08:57:11","modified_gmt":"2025-07-22T13:57:11","slug":"galeria-decoracion-con-tematica","status":"publish","type":"page","link":"https:\/\/miwebes.pe\/catering-sumaq\/galeria-decoracion-con-tematica\/","title":{"rendered":"Galeria &#8211; Decoraci\u00f3n con tem\u00e1tica"},"content":{"rendered":"\t\t<div data-elementor-type=\"wp-page\" data-elementor-id=\"2595\" class=\"elementor elementor-2595\">\n\t\t\t\t\t\t<div class=\"elementor-section elementor-top-section elementor-element elementor-element-633fded elementor-section-full_width elementor-section-stretched elementor-section-height-default elementor-section-height-default\" data-id=\"633fded\" data-element_type=\"section\" data-settings=\"{&quot;stretch_section&quot;:&quot;section-stretched&quot;}\">\n\t\t\t\t\t\t<div class=\"elementor-container elementor-column-gap-no\">\n\t\t\t\t\t<div class=\"elementor-column elementor-col-100 elementor-top-column elementor-element elementor-element-d31b989\" data-id=\"d31b989\" data-element_type=\"column\">\n\t\t\t<div class=\"elementor-widget-wrap elementor-element-populated\">\n\t\t\t\t\n\t\t<div class=\"elementor-element elementor-element-1f52afe elementor-widget elementor-widget-heading\" data-id=\"1f52afe\" data-element_type=\"widget\" data-widget_type=\"heading.default\">\n\t\t\t\t\t<h2 class=\"elementor-heading-title elementor-size-default\">Explore nuestra biblioteca trabajos realizados<\/h2>\t\t\t\t<\/div>\n\t\t\t\t<div class=\"elementor-section elementor-inner-section elementor-element elementor-element-24e1d76 elementor-section-full_width elementor-section-height-default elementor-section-height-default\" data-id=\"24e1d76\" data-element_type=\"section\">\n\t\t\t\t\t\t<div class=\"elementor-container elementor-column-gap-no\">\n\t\t\t\t\t<div class=\"elementor-column elementor-col-100 elementor-inner-column elementor-element elementor-element-bb2ab16\" data-id=\"bb2ab16\" data-element_type=\"column\">\n\t\t\t<div class=\"elementor-widget-wrap elementor-element-populated\">\n\t\t\t\t\t\t<div class=\"elementor-element elementor-element-39de621 elementor-filter-top elementor-widget elementor-widget-grenda2-image-gallery\" data-id=\"39de621\" data-element_type=\"widget\" data-widget_type=\"grenda2-image-gallery.default\">\n\t\t\t\t<div class=\"elementor-widget-container\">\n\t\t\t\t\t            <ul class=\"elementor-galerry__filters\"\n                data-related=\"isotope-39de621\">\n                \n                <li class=\"elementor-galerry__filter elementor-active\"\n                    data-filter=\".masonry-item__all\">All                    <span class=\"count\">15<\/span><\/li>\n                                    <li class=\"elementor-galerry__filter\"\n                        data-filter=\".gallery_group_0\">Parte 1                        <span class=\"count\">8<\/span><\/li>\n                                    <li class=\"elementor-galerry__filter\"\n                        data-filter=\".gallery_group_1\">Parte 2                        <span class=\"count\">7<\/span><\/li>\n                            <\/ul>\n            \n        <div class=\"elementor-opal-image-gallery\">\n            <div class=\"row grid isotope-grid\" data-elementor-columns=\"3\">\n                                    <div class=\"column-item grid__item masonry-item__all gallery_group_0\">\n                        <a data-elementor-open-lightbox=\"yes\" data-elementor-lightbox-slideshow=\"39de621\"                           href=\"https:\/\/miwebes.pe\/catering-sumaq\/wp-content\/uploads\/2025\/07\/decoraciOn-Sumaq-Lima_peru-6.jpg\">\n                            <img decoding=\"async\" src=\"https:\/\/miwebes.pe\/catering-sumaq\/wp-content\/uploads\/2025\/07\/decoraciOn-Sumaq-Lima_peru-6.jpg\"\n                                 alt=\"decoraciOn-Sumaq-Lima_peru (6)\"\/>\n                        <\/a>\n                    <\/div>\n                                        <div class=\"column-item grid__item masonry-item__all gallery_group_0\">\n                        <a data-elementor-open-lightbox=\"yes\" data-elementor-lightbox-slideshow=\"39de621\"                           href=\"https:\/\/miwebes.pe\/catering-sumaq\/wp-content\/uploads\/2025\/07\/decoraciOn-Sumaq-Lima_peru-4.jpg\">\n                            <img decoding=\"async\" src=\"https:\/\/miwebes.pe\/catering-sumaq\/wp-content\/uploads\/2025\/07\/decoraciOn-Sumaq-Lima_peru-4.jpg\"\n                                 alt=\"decoraciOn-Sumaq-Lima_peru (4)\"\/>\n                        <\/a>\n                    <\/div>\n                                        <div class=\"column-item grid__item masonry-item__all gallery_group_0\">\n                        <a data-elementor-open-lightbox=\"yes\" data-elementor-lightbox-slideshow=\"39de621\"                           href=\"https:\/\/miwebes.pe\/catering-sumaq\/wp-content\/uploads\/2025\/07\/decoraciOn-Sumaq-Lima_peru-3.jpg\">\n                            <img decoding=\"async\" src=\"https:\/\/miwebes.pe\/catering-sumaq\/wp-content\/uploads\/2025\/07\/decoraciOn-Sumaq-Lima_peru-3.jpg\"\n                                 alt=\"decoraciOn-Sumaq-Lima_peru (3)\"\/>\n                        <\/a>\n                    <\/div>\n                                        <div class=\"column-item grid__item masonry-item__all gallery_group_0\">\n                        <a data-elementor-open-lightbox=\"yes\" data-elementor-lightbox-slideshow=\"39de621\"                           href=\"https:\/\/miwebes.pe\/catering-sumaq\/wp-content\/uploads\/2025\/07\/decoraciOn-catering-Sumaq-12.jpg\">\n                            <img decoding=\"async\" src=\"https:\/\/miwebes.pe\/catering-sumaq\/wp-content\/uploads\/2025\/07\/decoraciOn-catering-Sumaq-12.jpg\"\n                                 alt=\"decoraciOn-catering-Sumaq (12)\"\/>\n                        <\/a>\n                    <\/div>\n                                        <div class=\"column-item grid__item masonry-item__all gallery_group_0\">\n                        <a data-elementor-open-lightbox=\"yes\" data-elementor-lightbox-slideshow=\"39de621\"                           href=\"https:\/\/miwebes.pe\/catering-sumaq\/wp-content\/uploads\/2025\/07\/decoraciOn-catering-Sumaq-1-1.jpg\">\n                            <img decoding=\"async\" src=\"https:\/\/miwebes.pe\/catering-sumaq\/wp-content\/uploads\/2025\/07\/decoraciOn-catering-Sumaq-1-1.jpg\"\n                                 alt=\"decoraciOn-catering-Sumaq (1)\"\/>\n                        <\/a>\n                    <\/div>\n                                        <div class=\"column-item grid__item masonry-item__all gallery_group_0\">\n                        <a data-elementor-open-lightbox=\"yes\" data-elementor-lightbox-slideshow=\"39de621\"                           href=\"https:\/\/miwebes.pe\/catering-sumaq\/wp-content\/uploads\/2025\/07\/decoraciOn-catering-Sumaq-3.jpg\">\n                            <img decoding=\"async\" src=\"https:\/\/miwebes.pe\/catering-sumaq\/wp-content\/uploads\/2025\/07\/decoraciOn-catering-Sumaq-3.jpg\"\n                                 alt=\"decoraciOn-catering-Sumaq (3)\"\/>\n                        <\/a>\n                    <\/div>\n                                        <div class=\"column-item grid__item masonry-item__all gallery_group_0\">\n                        <a data-elementor-open-lightbox=\"yes\" data-elementor-lightbox-slideshow=\"39de621\"                           href=\"https:\/\/miwebes.pe\/catering-sumaq\/wp-content\/uploads\/2025\/07\/decoraciOn-catering-Sumaq-2-1.jpg\">\n                            <img decoding=\"async\" src=\"https:\/\/miwebes.pe\/catering-sumaq\/wp-content\/uploads\/2025\/07\/decoraciOn-catering-Sumaq-2-1.jpg\"\n                                 alt=\"decoraciOn-catering-Sumaq (2)\"\/>\n                        <\/a>\n                    <\/div>\n                                        <div class=\"column-item grid__item masonry-item__all gallery_group_0\">\n                        <a data-elementor-open-lightbox=\"yes\" data-elementor-lightbox-slideshow=\"39de621\"                           href=\"https:\/\/miwebes.pe\/catering-sumaq\/wp-content\/uploads\/2025\/07\/decoraciOn-Sumaq-Lima_peru-1-scaled.jpg\">\n                            <img decoding=\"async\" src=\"https:\/\/miwebes.pe\/catering-sumaq\/wp-content\/uploads\/2025\/07\/decoraciOn-Sumaq-Lima_peru-1-scaled.jpg\"\n                                 alt=\"decoraciOn-Sumaq-Lima_peru (1)\"\/>\n                        <\/a>\n                    <\/div>\n                                        <div class=\"column-item grid__item masonry-item__all gallery_group_1\">\n                        <a data-elementor-open-lightbox=\"yes\" data-elementor-lightbox-slideshow=\"39de621\"                           href=\"https:\/\/miwebes.pe\/catering-sumaq\/wp-content\/uploads\/2025\/07\/decoraciOn-catering-Sumaq-4-1.jpg\">\n                            <img decoding=\"async\" src=\"https:\/\/miwebes.pe\/catering-sumaq\/wp-content\/uploads\/2025\/07\/decoraciOn-catering-Sumaq-4-1.jpg\"\n                                 alt=\"decoraciOn-catering-Sumaq (4)\"\/>\n                        <\/a>\n                    <\/div>\n                                        <div class=\"column-item grid__item masonry-item__all gallery_group_1\">\n                        <a data-elementor-open-lightbox=\"yes\" data-elementor-lightbox-slideshow=\"39de621\"                           href=\"https:\/\/miwebes.pe\/catering-sumaq\/wp-content\/uploads\/2025\/07\/decoracion-catering-sumaq-4.jpg\">\n                            <img decoding=\"async\" src=\"https:\/\/miwebes.pe\/catering-sumaq\/wp-content\/uploads\/2025\/07\/decoracion-catering-sumaq-4.jpg\"\n                                 alt=\"decoracion-catering-sumaq\"\/>\n                        <\/a>\n                    <\/div>\n                                        <div class=\"column-item grid__item masonry-item__all gallery_group_1\">\n                        <a data-elementor-open-lightbox=\"yes\" data-elementor-lightbox-slideshow=\"39de621\"                           href=\"https:\/\/miwebes.pe\/catering-sumaq\/wp-content\/uploads\/2025\/07\/decoracion_sumaq.jpg\">\n                            <img decoding=\"async\" src=\"https:\/\/miwebes.pe\/catering-sumaq\/wp-content\/uploads\/2025\/07\/decoracion_sumaq.jpg\"\n                                 alt=\"decoracion_sumaq\"\/>\n                        <\/a>\n                    <\/div>\n                                        <div class=\"column-item grid__item masonry-item__all gallery_group_1\">\n                        <a data-elementor-open-lightbox=\"yes\" data-elementor-lightbox-slideshow=\"39de621\"                           href=\"https:\/\/miwebes.pe\/catering-sumaq\/wp-content\/uploads\/2022\/08\/decoracion-catering-sumaq-3.jpg\">\n                            <img decoding=\"async\" src=\"https:\/\/miwebes.pe\/catering-sumaq\/wp-content\/uploads\/2022\/08\/decoracion-catering-sumaq-3.jpg\"\n                                 alt=\"Decoraci\u00f3n - Catering Sumaq\"\/>\n                        <\/a>\n                    <\/div>\n                                        <div class=\"column-item grid__item masonry-item__all gallery_group_1\">\n                        <a data-elementor-open-lightbox=\"yes\" data-elementor-lightbox-slideshow=\"39de621\"                           href=\"https:\/\/miwebes.pe\/catering-sumaq\/wp-content\/uploads\/2025\/07\/decoracion-catering-sumaq-0.jpg\">\n                            <img decoding=\"async\" src=\"https:\/\/miwebes.pe\/catering-sumaq\/wp-content\/uploads\/2025\/07\/decoracion-catering-sumaq-0.jpg\"\n                                 alt=\"decoracion-catering-sumaq-0\"\/>\n                        <\/a>\n                    <\/div>\n                                        <div class=\"column-item grid__item masonry-item__all gallery_group_1\">\n                        <a data-elementor-open-lightbox=\"yes\" data-elementor-lightbox-slideshow=\"39de621\"                           href=\"https:\/\/miwebes.pe\/catering-sumaq\/wp-content\/uploads\/2025\/07\/decoraciOn-catering-Sumaq-2-1.jpg\">\n                            <img decoding=\"async\" src=\"https:\/\/miwebes.pe\/catering-sumaq\/wp-content\/uploads\/2025\/07\/decoraciOn-catering-Sumaq-2-1.jpg\"\n                                 alt=\"decoraciOn-catering-Sumaq (2)\"\/>\n                        <\/a>\n                    <\/div>\n                                        <div class=\"column-item grid__item masonry-item__all gallery_group_1\">\n                        <a data-elementor-open-lightbox=\"yes\" data-elementor-lightbox-slideshow=\"39de621\"                           href=\"https:\/\/miwebes.pe\/catering-sumaq\/wp-content\/uploads\/2025\/07\/decoraciOn-catering-Sumaq-3.jpg\">\n                            <img decoding=\"async\" src=\"https:\/\/miwebes.pe\/catering-sumaq\/wp-content\/uploads\/2025\/07\/decoraciOn-catering-Sumaq-3.jpg\"\n                                 alt=\"decoraciOn-catering-Sumaq (3)\"\/>\n                        <\/a>\n                    <\/div>\n                                <\/div>\n        <\/div>\n\n        \t\t\t\t<\/div>\n\t\t\t\t<\/div>\n\t\t\t\t\t<\/div>\n\t\t<\/div>\n\t\t\t\t\t<\/div>\n\t\t<\/div>\n\t\t\t\t\t<\/div>\n\t\t<\/div>\n\t\t\t\t\t<\/div>\n\t\t<\/div>\n\t\t\t\t<div class=\"elementor-section elementor-top-section elementor-element elementor-element-00c637e elementor-section-full_width elementor-section-stretched elementor-section-height-default elementor-section-height-default\" data-id=\"00c637e\" data-element_type=\"section\" data-settings=\"{&quot;stretch_section&quot;:&quot;section-stretched&quot;,&quot;background_background&quot;:&quot;classic&quot;}\">\n\t\t\t\t\t\t\t<div class=\"elementor-background-overlay\"><\/div>\n\t\t\t\t\t\t\t<div class=\"elementor-container elementor-column-gap-no\">\n\t\t\t\t\t<div class=\"elementor-column elementor-col-100 elementor-top-column elementor-element elementor-element-64acd5c\" data-id=\"64acd5c\" data-element_type=\"column\">\n\t\t\t<div class=\"elementor-widget-wrap elementor-element-populated\">\n\t\t\t\t\t\t<div class=\"elementor-element elementor-element-d654ed6 elementor-widget elementor-widget-heading\" data-id=\"d654ed6\" data-element_type=\"widget\" data-widget_type=\"heading.default\">\n\t\t\t\t\t<h2 class=\"elementor-heading-title elementor-size-default\">\u00bfPr\u00f3ximos eventos? cont\u00e1ctenos<\/h2>\t\t\t\t<\/div>\n\t\t\t\t<div class=\"elementor-element elementor-element-9df4aa5 elementor-widget elementor-widget-heading\" data-id=\"9df4aa5\" data-element_type=\"widget\" data-widget_type=\"heading.default\">\n\t\t\t\t\t<h2 class=\"elementor-heading-title elementor-size-default\"><a href=\"https:\/\/miwebes.pe\/catering-sumaq\/contacto\/\">Perm\u00edtanos hacer que sus eventos sean impecables<\/a><\/h2>\t\t\t\t<\/div>\n\t\t\t\t<div class=\"elementor-element elementor-element-4589b21 elementor-align-center elementor-widget elementor-widget-button\" data-id=\"4589b21\" data-element_type=\"widget\" data-widget_type=\"button.default\">\n\t\t\t\t\t\t\t\t\t\t<a class=\"elementor-button elementor-button-link elementor-size-lg\" href=\"https:\/\/miwebes.pe\/catering-sumaq\/presupuesto\/\">\n\t\t\t\t\t\t<span class=\"elementor-button-content-wrapper\">\n\t\t\t\t\t\t\t\t\t<span class=\"elementor-button-text\">Solicitar presupuesto<\/span>\n\t\t\t\t\t<\/span>\n\t\t\t\t\t<\/a>\n\t\t\t\t\t\t\t\t<\/div>\n\t\t\t\t\t<\/div>\n\t\t<\/div>\n\t\t\t\t\t<\/div>\n\t\t<\/div>\n\t\t\t\t<\/div>\n\t\t","protected":false},"excerpt":{"rendered":"<p>Explore nuestra biblioteca trabajos realizados All 15 Parte 1 8 Parte 2 7 \u00bfPr\u00f3ximos eventos? cont\u00e1ctenos Perm\u00edtanos hacer que sus eventos sean impecables Solicitar presupuesto<\/p>\n","protected":false},"author":1,"featured_media":0,"parent":0,"menu_order":0,"comment_status":"closed","ping_status":"closed","template":"","meta":{"footnotes":""},"class_list":["post-2595","page","type-page","status-publish","hentry"],"_links":{"self":[{"href":"https:\/\/miwebes.pe\/catering-sumaq\/wp-json\/wp\/v2\/pages\/2595","targetHints":{"allow":["GET"]}}],"collection":[{"href":"https:\/\/miwebes.pe\/catering-sumaq\/wp-json\/wp\/v2\/pages"}],"about":[{"href":"https:\/\/miwebes.pe\/catering-sumaq\/wp-json\/wp\/v2\/types\/page"}],"author":[{"embeddable":true,"href":"https:\/\/miwebes.pe\/catering-sumaq\/wp-json\/wp\/v2\/users\/1"}],"replies":[{"embeddable":true,"href":"https:\/\/miwebes.pe\/catering-sumaq\/wp-json\/wp\/v2\/comments?post=2595"}],"version-history":[{"count":37,"href":"https:\/\/miwebes.pe\/catering-sumaq\/wp-json\/wp\/v2\/pages\/2595\/revisions"}],"predecessor-version":[{"id":4893,"href":"https:\/\/miwebes.pe\/catering-sumaq\/wp-json\/wp\/v2\/pages\/2595\/revisions\/4893"}],"wp:attachment":[{"href":"https:\/\/miwebes.pe\/catering-sumaq\/wp-json\/wp\/v2\/media?parent=2595"}],"curies":[{"name":"wp","href":"https:\/\/api.w.org\/{rel}","templated":true}]}}