{"id":4086,"date":"2025-07-12T10:18:35","date_gmt":"2025-07-12T15:18:35","guid":{"rendered":"https:\/\/miwebes.pe\/catering-sumaq\/politica-de-privacidad-2\/"},"modified":"2025-07-12T10:27:24","modified_gmt":"2025-07-12T15:27:24","slug":"politica-de-cookies","status":"publish","type":"page","link":"https:\/\/miwebes.pe\/catering-sumaq\/politica-de-cookies\/","title":{"rendered":"Pol\u00edtica de cookies"},"content":{"rendered":"\t\t<div data-elementor-type=\"wp-page\" data-elementor-id=\"4086\" class=\"elementor elementor-4086\">\n\t\t\t\t\t\t<div class=\"elementor-section elementor-top-section elementor-element elementor-element-de14d65 elementor-section-boxed elementor-section-height-default elementor-section-height-default\" data-id=\"de14d65\" data-element_type=\"section\">\n\t\t\t\t\t\t<div class=\"elementor-container elementor-column-gap-default\">\n\t\t\t\t\t<div class=\"elementor-column elementor-col-100 elementor-top-column elementor-element elementor-element-2862c73\" data-id=\"2862c73\" data-element_type=\"column\">\n\t\t\t<div class=\"elementor-widget-wrap elementor-element-populated\">\n\t\t\t\t\n\t\t<div class=\"elementor-element elementor-element-b55be3b elementor-widget elementor-widget-heading\" data-id=\"b55be3b\" data-element_type=\"widget\" data-widget_type=\"heading.default\">\n\t\t\t\t\t<h2 class=\"elementor-heading-title elementor-size-default\">\u00daltima actualizaci\u00f3n, lunes 3 de febrero de 2025<\/h2>\t\t\t\t<\/div>\n\t\t\t\t<div class=\"elementor-element elementor-element-de56b0c elementor-widget elementor-widget-text-editor\" data-id=\"de56b0c\" data-element_type=\"widget\" data-widget_type=\"text-editor.default\">\n\t\t\t\t\t\t\t\t\t<p>Debido a la entrada en vigor de la Ley de Servicios de la Sociedad de la Informaci\u00f3n y del Comercio Electr\u00f3nico (LSSICE), es de obligaci\u00f3n obtener el consentimiento expreso del usuario de<br \/>todas las p\u00e1ginas web que usan cookies prescindibles, antes de que este navegue por ellas.<\/p>\t\t\t\t\t\t\t\t<\/div>\n\t\t\t\t<div class=\"elementor-element elementor-element-ad9dfc6 elementor-widget elementor-widget-text-editor\" data-id=\"ad9dfc6\" data-element_type=\"widget\" data-widget_type=\"text-editor.default\">\n\t\t\t\t\t\t\t\t\t<p><strong>\u00bfQU\u00c9 SON LAS COOKIES?<\/strong><\/p><p>Las cookies y otras tecnolog\u00edas similares tales como local shared objects, flash cookies o p\u00edxeles, son herramientas<br \/>empleadas por los servidores Web para almacenar y recuperar informaci\u00f3n acerca de sus visitantes, as\u00ed como para<br \/>ofrecer un correcto funcionamiento del sitio.<br \/>Mediante el uso de estos dispositivos se permite al servidor Web recordar algunos datos concernientes al usuario,<br \/>como sus preferencias para la visualizaci\u00f3n de las p\u00e1ginas de ese servidor, nombre y contrase\u00f1a, productos que m\u00e1s le<br \/>interesan, etc.<br \/>Seg\u00fan la directiva peruana, las cookies que requieren el consentimiento informado por parte del usuario son las cookies<br \/>de anal\u00edtica y las de publicidad y afiliaci\u00f3n, quedando exceptuadas las de car\u00e1cter t\u00e9cnico y las necesarias para el<br \/>funcionamiento del sitio web o la prestaci\u00f3n de servicios expresamente solicitados por el usuario.<\/p>\t\t\t\t\t\t\t\t<\/div>\n\t\t\t\t<div class=\"elementor-element elementor-element-2a3777d elementor-widget elementor-widget-text-editor\" data-id=\"2a3777d\" data-element_type=\"widget\" data-widget_type=\"text-editor.default\">\n\t\t\t\t\t\t\t\t\t<p><strong>TIPOS DE COOKIES UTILIZADAS EN ESTE SITIO WEB<\/strong><\/p><p><strong>SEG\u00daN LA FINALIDAD<\/strong><br \/>* <strong>Cookies t\u00e9cnicas y funcionales<\/strong>: son aquellas que permiten al usuario la navegaci\u00f3n a trav\u00e9s de una p\u00e1gina<br \/>web, plataforma o aplicaci\u00f3n y la utilizaci\u00f3n de las diferentes opciones o servicios que en ella existan.<br \/>* <strong>Cookies anal\u00edticas<\/strong>: son aquellas que permiten al responsable de las mismas el seguimiento y an\u00e1lisis del<br \/>comportamiento de los usuarios de los sitios web a los que est\u00e1n vinculadas. La informaci\u00f3n recogida mediante<br \/>este tipo de cookies se utiliza en la medici\u00f3n de la actividad de los sitios web, aplicaci\u00f3n o plataforma y para la<br \/>elaboraci\u00f3n de perfiles de navegaci\u00f3n de los usuarios de dichos sitios, aplicaciones y plataformas, con el fin de<br \/>introducir mejoras en funci\u00f3n del an\u00e1lisis de los datos de uso que hacen los usuarios del servicio.<br \/>* <strong>Cookies publicitarias<\/strong>: son aquellas que permiten la gesti\u00f3n, de la forma m\u00e1s eficaz posible, de los espacios<br \/>publicitarios que, en su caso, el editor haya incluido en una p\u00e1gina web, aplicaci\u00f3n o plataforma desde la que<br \/>presta el servicio solicitado en base a criterios como el contenido editado o la frecuencia en la que se muestran<br \/>los anuncios.<br \/>* <strong>Cookies de publicidad comportamental<\/strong>: recogen informaci\u00f3n sobre las preferencias y elecciones personales<br \/>del usuario (retargeting) para permitir la gesti\u00f3n, de la forma m\u00e1s eficaz posible, de los espacios publicitarios<br \/>que, en su caso, el editor haya incluido en una p\u00e1gina web, aplicaci\u00f3n o plataforma desde la que presta el<br \/>servicio solicitado.<br \/>* <strong>Cookies sociales<\/strong>: son establecidas por las plataformas de redes sociales en los servicios para permitirle<br \/>compartir contenido con sus amigos y redes. Las plataformas de medios sociales tienen la capacidad de rastrear<br \/>su actividad en l\u00ednea fuera de los Servicios. Esto puede afectar al contenido y los mensajes que ve en otros<br \/>servicios que visita.<br \/>* <strong>Cookies de afiliados<\/strong>: permiten hacer un seguimiento de las visitas procedentes de otras webs, con las que el<br \/>sitio web establece un contrato de afiliaci\u00f3n (empresas de afiliaci\u00f3n).<br \/><strong>* Cookies de seguridad<\/strong>: almacenan informaci\u00f3n cifrada para evitar que los datos guardados en ellas sean<br \/>vulnerables a ataques maliciosos de terceros.<\/p><p><br \/><strong>SEG\u00daN LA PROPIEDAD<\/strong><br \/>* <strong>Cookies propias<\/strong>: son aquellas que se env\u00edan al equipo terminal del usuario desde un equipo o dominio<br \/>gestionado por el propio editor y desde el que se presta el servicio solicitado por el usuario.<br \/>*<strong>Cookies de terceros<\/strong>: son aquellas que se env\u00edan al equipo terminal del usuario desde un equipo o dominio que no es gestionado por el editor, sino por otra entidad que trata los datos obtenidos trav\u00e9s de las cookies.<\/p><p><strong>SEG\u00daN EL PLAZO DE CONSERVACI\u00d3N<\/strong><br \/>* <strong>Cookies de sesi\u00f3n<\/strong>: son un tipo de cookies dise\u00f1adas para recabar y almacenar datos mientras el usuario<br \/>accede a una p\u00e1gina web.<br \/>* <strong>Cookies persistentes<\/strong>: son un tipo de cookies en el que los datos siguen almacenados en el terminal y pueden<br \/>ser accedidos y tratados durante un per\u00edodo definido por el responsable de la cookie, y que puede ir de unos<br \/>minutos a varios a\u00f1os.<\/p>\t\t\t\t\t\t\t\t<\/div>\n\t\t\t\t<div class=\"elementor-element elementor-element-b959fa8 elementor-widget elementor-widget-text-editor\" data-id=\"b959fa8\" data-element_type=\"widget\" data-widget_type=\"text-editor.default\">\n\t\t\t\t\t\t\t\t\t<p><strong>TRATAMIENTO DE DATOS PERSONALES<\/strong><\/p><p><strong>CATERING SUMAQ S.L.<\/strong>, como Responsable del tratamiento, le informa de que estos datos ser\u00e1n tratados de<br \/>conformidad con lo dispuesto en el Reglamento General de protecci\u00f3n de datos (RGPD) y L.O. de protecci\u00f3n de datos y garant\u00eda de los derechos digitales (LOPDGDD), por lo que se le facilita la siguiente informaci\u00f3n del tratamiento:<\/p><p><strong>Fines del tratamiento<\/strong>: seg\u00fan se especifica en el apartado de cookies que se utilizan en este sitio web.<br \/><strong>Legitimaci\u00f3n del tratamiento<\/strong>: consentimiento del interesado.<br \/><strong>Criterios de conservaci\u00f3n de los datos<\/strong>: seg\u00fan se especifica en el apartado de cookies utilizadas en la web.<br \/><strong>Comunicaci\u00f3n de los datos<\/strong>: no se comunicar\u00e1n los datos a terceros, excepto en cookies propiedad de terceros o por<br \/>obligaci\u00f3n legal.<br \/><strong>Derechos que asisten al Interesado<\/strong>:<br \/>* Derecho a retirar el consentimiento en cualquier momento.<br \/>* Derecho de acceso, rectificaci\u00f3n, portabilidad y supresi\u00f3n de sus datos, y de limitaci\u00f3n u oposici\u00f3n a su tratamiento.<br \/>* Derecho a presentar una reclamaci\u00f3n ante la Autoridad de control si considera que el tratamiento no se ajusta a la normativa vigente.<br \/><br \/><strong>Datos de contacto del DPO para ejercer sus derechos: catering-sumaq@miwebes.pe<\/strong><\/p>\t\t\t\t\t\t\t\t<\/div>\n\t\t\t\t<div class=\"elementor-element elementor-element-f0b77fb elementor-widget elementor-widget-text-editor\" data-id=\"f0b77fb\" data-element_type=\"widget\" data-widget_type=\"text-editor.default\">\n\t\t\t\t\t\t\t\t\t<p><strong>C\u00d3MO GESTIONAR LAS COOKIES DESDE EL NAVEGADOR<\/strong><\/p><p><strong>Eliminar las cookies del dispositivo<\/strong>. Las cookies que ya est\u00e1n en un dispositivo se pueden eliminar borrando el historial del navegador, con lo que se suprimen las cookies de todos los sitios web visitados. Sin embargo, tambi\u00e9n se puede perder parte de la informaci\u00f3n guardada (por ejemplo, los datos de inicio de sesi\u00f3n o las preferencias de sitio web). <br \/><strong>Gestionar las cookies espec\u00edficas del sitio<\/strong>. Para tener un control m\u00e1s preciso de las cookies espec\u00edficas de cada sitio, los usuarios pueden ajustar su configuraci\u00f3n de privacidad y cookies en el navegador. <strong>Bloquear las cookies.<\/strong> Aunque la mayor\u00eda de los navegadores modernos se pueden configurar para evitar que se instalen cookies en los dispositivos, eso puede obligar al ajuste manual de determinadas preferencias cada vez que se visite un sitio o p\u00e1gina. Adem\u00e1s, algunos servicios y caracter\u00edsticas pueden no funcionar correctamente.<\/p>\t\t\t\t\t\t\t\t<\/div>\n\t\t\t\t<div class=\"elementor-element elementor-element-c9ddeae elementor-widget elementor-widget-text-editor\" data-id=\"c9ddeae\" data-element_type=\"widget\" data-widget_type=\"text-editor.default\">\n\t\t\t\t\t\t\t\t\t<p><strong>C\u00d3MO ELIMINAR LAS COOKIES DE LOS NAVEGADORES M\u00c1S COMUNES<\/strong><\/p><figure class=\"wp-block-table\"><table><tbody><tr><td>Chrome<\/td><td><a href=\"http:\/\/support.google.com\/chrome\/answer\/95647?hl=es\" target=\"_blank\" rel=\"noopener noreferrer\">http:\/\/support.google.com\/chrome\/answer\/95647?hl=es<\/a><\/td><\/tr><tr><td>Internet Explorer Versi\u00f3n 11<\/td><td><a href=\"https:\/\/support.microsoft.com\/es-es\/help\/278835\/how-to-delete-cookie-files-in-internet-explorer\" target=\"_blank\" rel=\"noopener noreferrer\">https:\/\/support.microsoft.com\/es-es\/help\/278835\/how-to-delete-cookie-files-in-internet-explorer<\/a><\/td><\/tr><tr><td>Firefox Versi\u00f3n 65.0.1<\/td><td><a href=\"https:\/\/www.mozilla.org\/es-ES\/privacy\/websites\/#cookies\" target=\"_blank\" rel=\"noopener noreferrer\">https:\/\/www.mozilla.org\/es-ES\/privacy\/websites\/#cookies<\/a><\/td><\/tr><\/tbody><\/table><\/figure>\t\t\t\t\t\t\t\t<\/div>\n\t\t\t\t\t<\/div>\n\t\t<\/div>\n\t\t\t\t\t<\/div>\n\t\t<\/div>\n\t\t\t\t<\/div>\n\t\t","protected":false},"excerpt":{"rendered":"<p>\u00daltima actualizaci\u00f3n, lunes 3 de febrero de 2025 Debido a la entrada en vigor de la Ley de Servicios de la Sociedad de la Informaci\u00f3n y del Comercio Electr\u00f3nico (LSSICE), es de obligaci\u00f3n obtener el consentimiento expreso del usuario detodas las p\u00e1ginas web que usan cookies prescindibles, antes de que este navegue por ellas. \u00bfQU\u00c9 [&hellip;]<\/p>\n","protected":false},"author":1,"featured_media":0,"parent":0,"menu_order":0,"comment_status":"closed","ping_status":"closed","template":"","meta":{"footnotes":""},"class_list":["post-4086","page","type-page","status-publish","hentry"],"_links":{"self":[{"href":"https:\/\/miwebes.pe\/catering-sumaq\/wp-json\/wp\/v2\/pages\/4086","targetHints":{"allow":["GET"]}}],"collection":[{"href":"https:\/\/miwebes.pe\/catering-sumaq\/wp-json\/wp\/v2\/pages"}],"about":[{"href":"https:\/\/miwebes.pe\/catering-sumaq\/wp-json\/wp\/v2\/types\/page"}],"author":[{"embeddable":true,"href":"https:\/\/miwebes.pe\/catering-sumaq\/wp-json\/wp\/v2\/users\/1"}],"replies":[{"embeddable":true,"href":"https:\/\/miwebes.pe\/catering-sumaq\/wp-json\/wp\/v2\/comments?post=4086"}],"version-history":[{"count":13,"href":"https:\/\/miwebes.pe\/catering-sumaq\/wp-json\/wp\/v2\/pages\/4086\/revisions"}],"predecessor-version":[{"id":4099,"href":"https:\/\/miwebes.pe\/catering-sumaq\/wp-json\/wp\/v2\/pages\/4086\/revisions\/4099"}],"wp:attachment":[{"href":"https:\/\/miwebes.pe\/catering-sumaq\/wp-json\/wp\/v2\/media?parent=4086"}],"curies":[{"name":"wp","href":"https:\/\/api.w.org\/{rel}","templated":true}]}}